t f = m - -747. List the prime factors of f.
3, 7, 13
Suppose -4*o - 3 = v + 3, 2*o = 2*v + 22. Let y(j) = -j**3 - 10*j**2 - 16*j - 17. What are the prime factors of y(v)?
11, 13
Suppose 7*r + 6*r - 5317 = 0. List the prime factors of r.
409
List the prime factors of 561 - -8 - (12 + -9).
2, 283
Let z = 942 + -564. List the prime factors of z.
2, 3, 7
Let m(q) = -6*q - 3. Let n be m(-1). Suppose -5*y + 189 = -3*o, -3*y - n*o + 44 + 55 = 0. List the prime factors of y.
2, 3
Let x be 3*((2 - -3) + -4). What are the prime factors of x/(-6) + (-123)/(-6)?
2, 5
Let d(v) = -v**2 - 7*v + 6. Let u = -7 + 0. Let w be d(u). What are the prime factors of w/((-9)/3)*-2?
2
Suppose -5*d - 3 = -2*f + 3, 0 = -3*f - 4*d + 32. Suppose f = -2*a - 76. Let w = a + 65. What are the prime factors of w?
23
Suppose h - 4*o - 15 = 15, -30 = -h + o. List the prime factors of 8/(-60) + 1024/h + 1.
5, 7
Suppose -1085*k - 10955 = -1092*k. What are the prime factors of k?
5, 313
List the prime factors of (2/2 + -4)*(-758)/6.
379
Let g(i) = -2*i - 81. Let p be g(0). Let b = p - -140. What are the prime factors of b?
59
Suppose -5*b - 85 = 2*p, -7*p + 3*b - 235 = -3*p. Let r = p - -221. What are the prime factors of r?
2, 83
Let a = 3362 - 1050. Suppose -87*u + a = -79*u. What are the prime factors of u?
17
Suppose 0*v - 2*v + 8 = w, 5*w - 16 = -2*v. Suppose -w*j + 3*r = 5*r - 126, -j + 5*r + 45 = 0. What are the prime factors of j?
2, 3, 5
Suppose 5*w - 13 - 7 = 0. Suppose o = -o + w. Suppose -o*a - a + 126 = 0. What are the prime factors of a?
2, 3, 7
Let j(k) = 7*k**3 + 2*k**2 - 3*k + 4. List the prime factors of j(6).
2, 5, 157
Let z(k) = -4*k**2 + 3*k + 4. Let l be z(-5). Let c = l + 333. List the prime factors of (c/9)/((-8)/(-12)).
37
Suppose 0 = 312*z - 318*z + 4248. List the prime factors of z.
2, 3, 59
Let h(z) = -12*z - 40. What are the prime factors of h(-39)?
2, 107
List the prime factors of 860 + 2/((-6)/(-15)).
5, 173
Suppose 0 = 54*n - 62*n + 12392. What are the prime factors of n?
1549
List the prime factors of (-90576)/(-54) + (-1)/3.
3, 13, 43
Let q = 10 - 11. Let w be (q - 3)*(-1)/(-2). What are the prime factors of 2 + 20 + (-1 - w)?
23
Let b(r) = 107*r**2 + 46*r + 7. What are the prime factors of b(4)?
11, 173
Suppose 4*s - 3*n + 83 - 19 = 0, 0 = 3*s - 2*n + 49. Let j = s - -13. List the prime factors of ((-28)/(-3))/((-4)/j).
2, 7
Let f(a) = -a - 14. Let r = 2 - 7. Let n(o) = -7. Let b(v) = r*n(v) + 2*f(v). List the prime factors of b(-7).
3, 7
List the prime factors of (0 - (5 - 1)) + (947 - 5).
2, 7, 67
Let i = -276 - -683. What are the prime factors of i?
11, 37
Suppose 4*p = 8, -h + 112 + 153 = p. What are the prime factors of h?
263
Let m(y) = -2*y**3 - 15*y**2 + 16*y - 101. What are the prime factors of m(-16)?
5, 17, 47
Suppose -3*o - 6*l + 1319 = -8*l, l = 3*o - 1318. What are the prime factors of o?
439
Let l(i) = -360*i - 25. What are the prime factors of l(-2)?
5, 139
Suppose -2*v = 3*c - 598, -2*v + 594 = -5*c + 9*c. What are the prime factors of v?
5, 61
Let v(u) = 116*u + 3. Let g be (-4)/3*(-18)/24. List the prime factors of v(g).
7, 17
Let n = 757 - 375. List the prime factors of n.
2, 191
Suppose -282 = -3*i - 3*a, i = 4*a - 9 + 88. Let w = -69 + i. What are the prime factors of w?
2, 11
Let h(x) = -178*x - 497. List the prime factors of h(-13).
23, 79
Let t be -15*(28/20 + -3). Let w = -14 + t. Suppose 4*j = 5*x + 21 - w, 52 = 3*j + 5*x. What are the prime factors of j?
3
Let f = 15 - 17. What are the prime factors of (-1)/f + 882/28?
2
Suppose -39 = 2*x - 101. Let g = x - 23. List the prime factors of 4/g*8 + 4.
2
Let c be (7 + -5)/(4/102). Let z(r) = 30*r - 1. Let m be z(1). Let n = c - m. What are the prime factors of n?
2, 11
Let d(g) = 627*g**3 + 2*g**2 - 54*g + 109. List the prime factors of d(2).
3, 5, 67
Let j(b) = -b**3 - 9*b**2 + 11*b. Let v be j(-10). Let n = -7 - v. Suppose -2*a = 4*h - 32, 24 = 2*h - 0*a + n*a. What are the prime factors of h?
2, 3
Let k = 14 - 17. Let a = k + -7. Let h(u) = u**2 + 8*u + 2. List the prime factors of h(a).
2, 11
Suppose 0 + 20 = -4*i. Let b be (-12)/20 + (-18)/i. Let v(g) = 7*g + 4. What are the prime factors of v(b)?
5
Suppose -6*k = 2*k - 288. Suppose -29 = -j + k. List the prime factors of j.
5, 13
Suppose -17*h + 19*h - 1791 = -m, h + 1806 = m. What are the prime factors of m?
1801
Let l(r) = -r**3 + 10*r**2 - 8*r - 7. Let f be l(9). Let m(u) = 4*u**2 + 2*u - 3. List the prime factors of m(f).
17
Let j = 2525 - 1113. List the prime factors of j.
2, 353
Let c be 16/(-104) + (-80)/(-13). Let j be (288/c)/(2/4). Suppose -4*r + 7*r = j. What are the prime factors of r?
2
Suppose 0 = -47*a + 46*a + 493. What are the prime factors of a?
17, 29
Let a be ((-14)/4 - -3)*-10. Suppose u + 3*c - 8 = -0*u, -u + 8 = -a*c. Let k = 13 - u. List the prime factors of k.
5
Let c(w) = -3*w + 4. Let q be (1/(-2))/(3/(-30)). Let g be c(q). Let j = 26 + g. List the prime factors of j.
3, 5
Let s = 582 - 405. What are the prime factors of s?
3, 59
Let m = -21 - -28. Let f = m + -8. Let t(q) = -16*q. What are the prime factors of t(f)?
2
Suppose -x + 19 = 4. Suppose -2*s + x = 5. Suppose -s*j - 68 = -2*w, 4*w - 5*j = -3*j + 104. What are the prime factors of w?
2, 3
Let m = 2155 - 1235. List the prime factors of m.
2, 5, 23
Let z = -2229 + 4021. List the prime factors of z.
2, 7
What are the prime factors of (-6)/(-42) - (-51848)/56?
2, 463
Let t(x) = -x**2 - 8*x - 6. Let i be t(-7). Suppose d = 3 - i. Suppose -3 = -2*n - 9, -p + d*n + 8 = 0. List the prime factors of p.
2
Let b(u) = 2*u**3 - 2*u**2 - 2*u + 2. Let y be b(1). Suppose y*m + 735 = 5*m. What are the prime factors of m?
3, 7
Let y(l) = 61*l + 141. List the prime factors of y(26).
11, 157
Suppose 10*g - 11*g = 0. Suppose 3*j + 2 = -2*p, -22 = -2*p - g*p + 3*j. Suppose 4*k = p*k - 52. What are the prime factors of k?
2, 13
Suppose 3 = 2*c - 3*p, -1 + 6 = -5*p. Suppose l - 88 = -l - 2*r, c = 4*l - 4*r - 200. What are the prime factors of l?
47
Suppose -s - s = 56. Let y be (s/8)/7*4. List the prime factors of (29/(-2) - -1)*y.
3
Let b(y) = 36*y**2 - 5*y - 2. What are the prime factors of b(5)?
3, 97
What are the prime factors of 1198 - 7/(-70)*-5*-2?
11, 109
Let r(k) = k**3 + 7*k**2 - k - 3. Let t = 4 + -11. Let s be r(t). Suppose -17 = -g - s*z - 1, -g = -4*z - 32. List the prime factors of g.
2, 3
Let l = 1329 - 566. List the prime factors of l.
7, 109
Suppose -41*t - 4626 = -44*t - 5*k, t - 4*k = 1559. What are the prime factors of t?
7, 13, 17
Suppose 0 = 5*l + 77 - 467. What are the prime factors of l?
2, 3, 13
Let n(s) = -3*s**3 - 7*s**2 - 11*s - 2. List the prime factors of n(-8).
2, 587
Let u = -32 - -36. Suppose -u*p = -5*i + 355, i - 4*p + 9*p = 71. List the prime factors of i.
71
Let i = 342 + -119. What are the prime factors of i?
223
Let z be (-16)/(-72) + (-237)/(-27). Let o(b) = b**3 - 8*b**2 + 4*b - 3. What are the prime factors of o(z)?
2, 3, 19
Suppose 162 - 34 = 8*t. Let g(i) = i**3 + 5*i**2 - 6*i + 3. Let h be g(-5). Let o = h - t. What are the prime factors of o?
17
Suppose 2*y + p = 20, 2*y - 8 + 0 = 2*p. Suppose -2*u + 6 = -n, -2*n + y = -u - 7*n. What are the prime factors of 78/4*u/3?
13
Let c(w) = w**2 - w. Let k be c(5). Suppose 6*n - n = k. Suppose -n*x + 5*x - 3*a = -1, -2*x + 5*a = 1. List the prime factors of x.
2
Let t = 514 + -120. List the prime factors of t.
2, 197
Suppose s + 0*s - 42 = -5*k, 3*k - 202 = -4*s. What are the prime factors of s?
2, 13
Let n = 31 + -28. Suppose q - 20 = 4*d, n*d = 5*q - d - 100. What are the prime factors of q?
2, 5
Let b(i) = i**3 - i + 1 + i - 14*i**2 + 3. Let z be b(14). Suppose 2*d + 7 = -z*t + 19, -2*d + t = -7. What are the prime factors of d?
2
Let w be (-3)/((-18)/111)*8. Let h be (8/(-4))/((-2)/w). Suppose -p = -5*p + h. List the prime factors of p.
37
Let t(w) = w**3 - 18*w**2 + 21*w - 28. List the prime factors of t(19).
2, 3, 61
Let i = 57 + -85. Let s = -14 - i. Suppose f = 6 + s. List the prime factors of f.
2, 5
Suppose 3*b - 2 = 13, -u + 4*b + 313 = 0. List the prime factors of u.
3, 37
Let z(j) = 11*j**3 - 6*j**2 + 59*j - 20. List the prime factors of z(6).
2, 29, 43
Let k be -5*(-3 - -2)*1. Suppose -2*i - 3*d + 21 = 0, -2*d = 4*i + k - 67. Suppose -r + 10 = -i. Wha